{"id":1979,"date":"2022-09-16T09:46:19","date_gmt":"2022-09-16T09:46:19","guid":{"rendered":"https:\/\/mc4x4.com\/?post_type=product&#038;p=1979"},"modified":"2026-02-19T16:04:40","modified_gmt":"2026-02-19T16:04:40","slug":"casquilhos","status":"publish","type":"product","link":"https:\/\/mc4x4.com\/index.php\/produto\/casquilhos\/","title":{"rendered":"SUPER PRO"},"content":{"rendered":"","protected":false},"excerpt":{"rendered":"<p data-start=\"1824\" data-end=\"1885\"><em data-start=\"1824\" data-end=\"1885\">Componentes de suspens\u00e3o em poliuretano de alta performance<\/em><\/p>\n<p data-start=\"1887\" data-end=\"2143\">A SuperPro desenvolve casquilhos e componentes de suspens\u00e3o em poliuretano, projetados para melhorar o comportamento din\u00e2mico e a durabilidade do ve\u00edculo. Ideal para 4&#215;4 sujeitos a uso intensivo, oferece maior controlo e resist\u00eancia em estrada e fora dela.<\/p>\n<p data-start=\"1887\" data-end=\"2143\">Somos importadores exclusivos e oficiais ma marca em Portugal.<\/p>\n","protected":false},"featured_media":2458,"comment_status":"open","ping_status":"closed","template":"","meta":{"site-sidebar-layout":"default","site-content-layout":"default","ast-global-header-display":"","ast-main-header-display":"","ast-hfb-above-header-display":"","ast-hfb-below-header-display":"","ast-hfb-mobile-header-display":"","site-post-title":"","ast-breadcrumbs-content":"","ast-featured-img":"","footer-sml-layout":"","theme-transparent-header-meta":"default","adv-header-id-meta":"","stick-header-meta":"","header-above-stick-meta":"","header-main-stick-meta":"","header-below-stick-meta":""},"product_cat":[34],"product_tag":[],"_links":{"self":[{"href":"https:\/\/mc4x4.com\/index.php\/wp-json\/wp\/v2\/product\/1979"}],"collection":[{"href":"https:\/\/mc4x4.com\/index.php\/wp-json\/wp\/v2\/product"}],"about":[{"href":"https:\/\/mc4x4.com\/index.php\/wp-json\/wp\/v2\/types\/product"}],"replies":[{"embeddable":true,"href":"https:\/\/mc4x4.com\/index.php\/wp-json\/wp\/v2\/comments?post=1979"}],"wp:featuredmedia":[{"embeddable":true,"href":"https:\/\/mc4x4.com\/index.php\/wp-json\/wp\/v2\/media\/2458"}],"wp:attachment":[{"href":"https:\/\/mc4x4.com\/index.php\/wp-json\/wp\/v2\/media?parent=1979"}],"wp:term":[{"taxonomy":"product_cat","embeddable":true,"href":"https:\/\/mc4x4.com\/index.php\/wp-json\/wp\/v2\/product_cat?post=1979"},{"taxonomy":"product_tag","embeddable":true,"href":"https:\/\/mc4x4.com\/index.php\/wp-json\/wp\/v2\/product_tag?post=1979"}],"curies":[{"name":"wp","href":"https:\/\/api.w.org\/{rel}","templated":true}]}}