{"id":2018,"date":"2022-09-16T23:32:42","date_gmt":"2022-09-16T23:32:42","guid":{"rendered":"https:\/\/mc4x4.com\/?post_type=product&#038;p=2018"},"modified":"2026-02-19T16:14:09","modified_gmt":"2026-02-19T16:14:09","slug":"molas","status":"publish","type":"product","link":"https:\/\/mc4x4.com\/index.php\/produto\/molas\/","title":{"rendered":"EFS"},"content":{"rendered":"","protected":false},"excerpt":{"rendered":"<p data-start=\"1114\" data-end=\"1161\"><em data-start=\"1114\" data-end=\"1161\">Sistemas de suspens\u00e3o para terrenos exigentes<\/em><\/p>\n<p data-start=\"1163\" data-end=\"1410\">A EFS desenvolve sistemas de suspens\u00e3o refor\u00e7ados para ve\u00edculos 4&#215;4, focados em conforto, controlo e durabilidade. Concebidos para suportar carga adicional e utiliza\u00e7\u00e3o fora de estrada, oferecem um equil\u00edbrio s\u00f3lido entre desempenho e fiabilidade.<\/p>\n","protected":false},"featured_media":2462,"comment_status":"open","ping_status":"closed","template":"","meta":{"site-sidebar-layout":"default","site-content-layout":"default","ast-global-header-display":"","ast-main-header-display":"","ast-hfb-above-header-display":"","ast-hfb-below-header-display":"","ast-hfb-mobile-header-display":"","site-post-title":"","ast-breadcrumbs-content":"","ast-featured-img":"","footer-sml-layout":"","theme-transparent-header-meta":"default","adv-header-id-meta":"","stick-header-meta":"","header-above-stick-meta":"","header-main-stick-meta":"","header-below-stick-meta":""},"product_cat":[37],"product_tag":[],"_links":{"self":[{"href":"https:\/\/mc4x4.com\/index.php\/wp-json\/wp\/v2\/product\/2018"}],"collection":[{"href":"https:\/\/mc4x4.com\/index.php\/wp-json\/wp\/v2\/product"}],"about":[{"href":"https:\/\/mc4x4.com\/index.php\/wp-json\/wp\/v2\/types\/product"}],"replies":[{"embeddable":true,"href":"https:\/\/mc4x4.com\/index.php\/wp-json\/wp\/v2\/comments?post=2018"}],"wp:featuredmedia":[{"embeddable":true,"href":"https:\/\/mc4x4.com\/index.php\/wp-json\/wp\/v2\/media\/2462"}],"wp:attachment":[{"href":"https:\/\/mc4x4.com\/index.php\/wp-json\/wp\/v2\/media?parent=2018"}],"wp:term":[{"taxonomy":"product_cat","embeddable":true,"href":"https:\/\/mc4x4.com\/index.php\/wp-json\/wp\/v2\/product_cat?post=2018"},{"taxonomy":"product_tag","embeddable":true,"href":"https:\/\/mc4x4.com\/index.php\/wp-json\/wp\/v2\/product_tag?post=2018"}],"curies":[{"name":"wp","href":"https:\/\/api.w.org\/{rel}","templated":true}]}}