{"id":2475,"date":"2026-02-19T16:51:12","date_gmt":"2026-02-19T16:51:12","guid":{"rendered":"https:\/\/mc4x4.com\/?post_type=product&#038;p=2475"},"modified":"2026-02-19T16:51:12","modified_gmt":"2026-02-19T16:51:12","slug":"asfir","status":"publish","type":"product","link":"https:\/\/mc4x4.com\/index.php\/produto\/asfir\/","title":{"rendered":"ASFIR"},"content":{"rendered":"","protected":false},"excerpt":{"rendered":"<p data-start=\"1291\" data-end=\"1338\"><em data-start=\"1291\" data-end=\"1338\">Prote\u00e7\u00f5es inferiores e componentes de chassis<\/em><\/p>\n<p data-start=\"1340\" data-end=\"1598\">A ASFIR desenvolve prote\u00e7\u00f5es inferiores em alum\u00ednio e a\u00e7o para ve\u00edculos 4&#215;4, concebidas para proteger componentes essenciais em utiliza\u00e7\u00e3o off-road.<br data-start=\"1488\" data-end=\"1491\" \/>Com solu\u00e7\u00f5es espec\u00edficas por modelo, oferece robustez, encaixe preciso e fiabilidade em terrenos exigentes.<\/p>\n","protected":false},"featured_media":2476,"comment_status":"open","ping_status":"closed","template":"","meta":{"site-sidebar-layout":"default","site-content-layout":"default","ast-global-header-display":"","ast-main-header-display":"","ast-hfb-above-header-display":"","ast-hfb-below-header-display":"","ast-hfb-mobile-header-display":"","site-post-title":"","ast-breadcrumbs-content":"","ast-featured-img":"","footer-sml-layout":"","theme-transparent-header-meta":"default","adv-header-id-meta":"","stick-header-meta":"","header-above-stick-meta":"","header-main-stick-meta":"","header-below-stick-meta":""},"product_cat":[19],"product_tag":[],"_links":{"self":[{"href":"https:\/\/mc4x4.com\/index.php\/wp-json\/wp\/v2\/product\/2475"}],"collection":[{"href":"https:\/\/mc4x4.com\/index.php\/wp-json\/wp\/v2\/product"}],"about":[{"href":"https:\/\/mc4x4.com\/index.php\/wp-json\/wp\/v2\/types\/product"}],"replies":[{"embeddable":true,"href":"https:\/\/mc4x4.com\/index.php\/wp-json\/wp\/v2\/comments?post=2475"}],"wp:featuredmedia":[{"embeddable":true,"href":"https:\/\/mc4x4.com\/index.php\/wp-json\/wp\/v2\/media\/2476"}],"wp:attachment":[{"href":"https:\/\/mc4x4.com\/index.php\/wp-json\/wp\/v2\/media?parent=2475"}],"wp:term":[{"taxonomy":"product_cat","embeddable":true,"href":"https:\/\/mc4x4.com\/index.php\/wp-json\/wp\/v2\/product_cat?post=2475"},{"taxonomy":"product_tag","embeddable":true,"href":"https:\/\/mc4x4.com\/index.php\/wp-json\/wp\/v2\/product_tag?post=2475"}],"curies":[{"name":"wp","href":"https:\/\/api.w.org\/{rel}","templated":true}]}}