{"id":2477,"date":"2026-02-19T16:54:17","date_gmt":"2026-02-19T16:54:17","guid":{"rendered":"https:\/\/mc4x4.com\/?post_type=product&#038;p=2477"},"modified":"2026-02-19T16:54:17","modified_gmt":"2026-02-19T16:54:17","slug":"warn","status":"publish","type":"product","link":"https:\/\/mc4x4.com\/index.php\/produto\/warn\/","title":{"rendered":"WARN"},"content":{"rendered":"","protected":false},"excerpt":{"rendered":"<p data-start=\"1650\" data-end=\"1690\"><em data-start=\"1650\" data-end=\"1690\">Guinchos e equipamentos de recupera\u00e7\u00e3o<\/em><\/p>\n<p data-start=\"1692\" data-end=\"1953\">A WARN \u00e9 uma marca de refer\u00eancia mundial no desenvolvimento de guinchos e equipamentos de recupera\u00e7\u00e3o para ve\u00edculos 4&#215;4.<br data-start=\"1812\" data-end=\"1815\" \/>Reconhecida pela sua fiabilidade e desempenho em condi\u00e7\u00f5es extremas, \u00e9 uma escolha de confian\u00e7a para uso profissional e off-road exigente.<\/p>\n","protected":false},"featured_media":2478,"comment_status":"open","ping_status":"closed","template":"","meta":{"site-sidebar-layout":"default","site-content-layout":"default","ast-global-header-display":"","ast-main-header-display":"","ast-hfb-above-header-display":"","ast-hfb-below-header-display":"","ast-hfb-mobile-header-display":"","site-post-title":"","ast-breadcrumbs-content":"","ast-featured-img":"","footer-sml-layout":"","theme-transparent-header-meta":"default","adv-header-id-meta":"","stick-header-meta":"","header-above-stick-meta":"","header-main-stick-meta":"","header-below-stick-meta":""},"product_cat":[19],"product_tag":[],"_links":{"self":[{"href":"https:\/\/mc4x4.com\/index.php\/wp-json\/wp\/v2\/product\/2477"}],"collection":[{"href":"https:\/\/mc4x4.com\/index.php\/wp-json\/wp\/v2\/product"}],"about":[{"href":"https:\/\/mc4x4.com\/index.php\/wp-json\/wp\/v2\/types\/product"}],"replies":[{"embeddable":true,"href":"https:\/\/mc4x4.com\/index.php\/wp-json\/wp\/v2\/comments?post=2477"}],"wp:featuredmedia":[{"embeddable":true,"href":"https:\/\/mc4x4.com\/index.php\/wp-json\/wp\/v2\/media\/2478"}],"wp:attachment":[{"href":"https:\/\/mc4x4.com\/index.php\/wp-json\/wp\/v2\/media?parent=2477"}],"wp:term":[{"taxonomy":"product_cat","embeddable":true,"href":"https:\/\/mc4x4.com\/index.php\/wp-json\/wp\/v2\/product_cat?post=2477"},{"taxonomy":"product_tag","embeddable":true,"href":"https:\/\/mc4x4.com\/index.php\/wp-json\/wp\/v2\/product_tag?post=2477"}],"curies":[{"name":"wp","href":"https:\/\/api.w.org\/{rel}","templated":true}]}}